{"id":79,"date":"2024-08-21T12:51:57","date_gmt":"2024-08-21T12:51:57","guid":{"rendered":"https:\/\/tedxpollica.org\/?page_id=79"},"modified":"2024-08-21T12:51:57","modified_gmt":"2024-08-21T12:51:57","slug":"bernardo-melotti","status":"publish","type":"page","link":"https:\/\/tedxpollica.org\/?page_id=79","title":{"rendered":"Bernardo Melotti"},"content":{"rendered":"\n<figure class=\"wp-block-image size-large\"><img loading=\"lazy\" decoding=\"async\" width=\"1024\" height=\"1024\" src=\"https:\/\/tedxpollica.org\/wp-content\/uploads\/2024\/08\/TedxPollica24-copia-1024x1024.png\" alt=\"\" class=\"wp-image-38\" srcset=\"https:\/\/tedxpollica.org\/wp-content\/uploads\/2024\/08\/TedxPollica24-copia-1024x1024.png 1024w, https:\/\/tedxpollica.org\/wp-content\/uploads\/2024\/08\/TedxPollica24-copia-300x300.png 300w, https:\/\/tedxpollica.org\/wp-content\/uploads\/2024\/08\/TedxPollica24-copia-150x150.png 150w, https:\/\/tedxpollica.org\/wp-content\/uploads\/2024\/08\/TedxPollica24-copia-768x768.png 768w, https:\/\/tedxpollica.org\/wp-content\/uploads\/2024\/08\/TedxPollica24-copia.png 1080w\" sizes=\"auto, (max-width: 1024px) 100vw, 1024px\" \/><\/figure>\n\n\n\n<h1 class=\"wp-block-heading\">Bernardo Melotti<\/h1>\n\n\n\n<h5 class=\"wp-block-heading\">Student Researcher<\/h5>\n\n\n\n<p>Classe 2005 ha appena concluso il suo percorso di studi al Liceo Scientifico Malpighi e inizier\u00e0 come matricola all&#8217;Universit\u00e0 di Stanford. Appassionato di scienza come mezzo di innovazione negli ambiti Food e Pharma, \u00e8 stato tra i pi\u00f9 giovani italiani a fare ricerca all&#8217;Universit\u00e0 di Harvard, collaborando con un gruppo di ricerca per sviluppare una tecnica diagnostica per le deficienze enzimatiche.<\/p>\n\n\n","protected":false},"excerpt":{"rendered":"<p>Bernardo Melotti Student Researcher Classe 2005 ha appena concluso il suo percorso di studi al Liceo Scientifico Malpighi e inizier\u00e0 come matricola all&#8217;Universit\u00e0 di Stanford. Appassionato di scienza come mezzo di innovazione negli ambiti Food e Pharma, \u00e8 stato tra i pi\u00f9 giovani italiani a fare ricerca all&#8217;Universit\u00e0 di Harvard, collaborando con un gruppo di [&#8230;]\n","protected":false},"author":2,"featured_media":0,"parent":0,"menu_order":0,"comment_status":"closed","ping_status":"closed","template":"","meta":{"footnotes":""},"class_list":["post-79","page","type-page","status-publish","hentry"],"_links":{"self":[{"href":"https:\/\/tedxpollica.org\/index.php?rest_route=\/wp\/v2\/pages\/79","targetHints":{"allow":["GET"]}}],"collection":[{"href":"https:\/\/tedxpollica.org\/index.php?rest_route=\/wp\/v2\/pages"}],"about":[{"href":"https:\/\/tedxpollica.org\/index.php?rest_route=\/wp\/v2\/types\/page"}],"author":[{"embeddable":true,"href":"https:\/\/tedxpollica.org\/index.php?rest_route=\/wp\/v2\/users\/2"}],"replies":[{"embeddable":true,"href":"https:\/\/tedxpollica.org\/index.php?rest_route=%2Fwp%2Fv2%2Fcomments&post=79"}],"version-history":[{"count":1,"href":"https:\/\/tedxpollica.org\/index.php?rest_route=\/wp\/v2\/pages\/79\/revisions"}],"predecessor-version":[{"id":80,"href":"https:\/\/tedxpollica.org\/index.php?rest_route=\/wp\/v2\/pages\/79\/revisions\/80"}],"wp:attachment":[{"href":"https:\/\/tedxpollica.org\/index.php?rest_route=%2Fwp%2Fv2%2Fmedia&parent=79"}],"curies":[{"name":"wp","href":"https:\/\/api.w.org\/{rel}","templated":true}]}}