{"id":68,"date":"2024-08-21T12:44:35","date_gmt":"2024-08-21T12:44:35","guid":{"rendered":"https:\/\/tedxpollica.org\/?page_id=68"},"modified":"2024-08-21T12:44:35","modified_gmt":"2024-08-21T12:44:35","slug":"potito-ruggero","status":"publish","type":"page","link":"https:\/\/tedxpollica.org\/?page_id=68","title":{"rendered":"Potito Ruggero"},"content":{"rendered":"\n<figure class=\"wp-block-image size-large\"><img loading=\"lazy\" decoding=\"async\" width=\"1024\" height=\"1024\" src=\"https:\/\/tedxpollica.org\/wp-content\/uploads\/2024\/08\/TedxPollica24-6-1024x1024.png\" alt=\"\" class=\"wp-image-31\" srcset=\"https:\/\/tedxpollica.org\/wp-content\/uploads\/2024\/08\/TedxPollica24-6-1024x1024.png 1024w, https:\/\/tedxpollica.org\/wp-content\/uploads\/2024\/08\/TedxPollica24-6-300x300.png 300w, https:\/\/tedxpollica.org\/wp-content\/uploads\/2024\/08\/TedxPollica24-6-150x150.png 150w, https:\/\/tedxpollica.org\/wp-content\/uploads\/2024\/08\/TedxPollica24-6-768x768.png 768w, https:\/\/tedxpollica.org\/wp-content\/uploads\/2024\/08\/TedxPollica24-6.png 1080w\" sizes=\"auto, (max-width: 1024px) 100vw, 1024px\" \/><\/figure>\n\n\n\n<h1 class=\"wp-block-heading\">Potito Ruggiero<\/h1>\n\n\n\n<h5 class=\"wp-block-heading\">Attivista, studente<\/h5>\n\n\n\n<p>Classe 2007, originario di Stornarella, un paese della provincia di Foggia, ha 16 anni. Coraggio e determinazione gli hanno permesso il 27 Settembre 2019 di scendere in piazza a battersi per la sostenibilit\u00e0 ambientale, da solo, restando per ore seduto sotto la finestra del Sindaco con un cartello in bella mostra che diceva (in inglese): \u201cI keep an eye on you\u201c, (io vi tengo d\u2019occhio). Per questo gli \u00e8 stato conferito il premio Radice di Puglia, il pi\u00f9 importante riconoscimento della Regione Puglia. Da questa esperienza ne \u00e8 nato un libro con Federico Taddia &#8220;Vi teniamo d&#8217;occhio &#8221; edito da Baldini+Castoldi. Potito, ora, studia a Brindisi e per amore dell&#8217;ambiente continua a formarsi. A giugno ha partecipato a Roma alla formazione con l&#8217;ex vicepresidente degli Stati Uniti Al Gore e nel contempo continua ad incontrare e sensibilizzare tantissimi ragazzi!<\/p>\n\n\n\n<p><\/p>\n\n\n","protected":false},"excerpt":{"rendered":"<p>Potito Ruggiero Attivista, studente Classe 2007, originario di Stornarella, un paese della provincia di Foggia, ha 16 anni. Coraggio e determinazione gli hanno permesso il 27 Settembre 2019 di scendere in piazza a battersi per la sostenibilit\u00e0 ambientale, da solo, restando per ore seduto sotto la finestra del Sindaco con un cartello in bella mostra [&#8230;]\n","protected":false},"author":2,"featured_media":0,"parent":0,"menu_order":0,"comment_status":"closed","ping_status":"closed","template":"","meta":{"footnotes":""},"class_list":["post-68","page","type-page","status-publish","hentry"],"_links":{"self":[{"href":"https:\/\/tedxpollica.org\/index.php?rest_route=\/wp\/v2\/pages\/68","targetHints":{"allow":["GET"]}}],"collection":[{"href":"https:\/\/tedxpollica.org\/index.php?rest_route=\/wp\/v2\/pages"}],"about":[{"href":"https:\/\/tedxpollica.org\/index.php?rest_route=\/wp\/v2\/types\/page"}],"author":[{"embeddable":true,"href":"https:\/\/tedxpollica.org\/index.php?rest_route=\/wp\/v2\/users\/2"}],"replies":[{"embeddable":true,"href":"https:\/\/tedxpollica.org\/index.php?rest_route=%2Fwp%2Fv2%2Fcomments&post=68"}],"version-history":[{"count":1,"href":"https:\/\/tedxpollica.org\/index.php?rest_route=\/wp\/v2\/pages\/68\/revisions"}],"predecessor-version":[{"id":69,"href":"https:\/\/tedxpollica.org\/index.php?rest_route=\/wp\/v2\/pages\/68\/revisions\/69"}],"wp:attachment":[{"href":"https:\/\/tedxpollica.org\/index.php?rest_route=%2Fwp%2Fv2%2Fmedia&parent=68"}],"curies":[{"name":"wp","href":"https:\/\/api.w.org\/{rel}","templated":true}]}}

<figure class="wp-block-image size-large"><img loading="lazy" decoding="async" width="1024" height="1024" src="https://tedxpollica.org/wp-content/uploads/2024/08/TedxPollica24-6-1024x1024.png" alt="" class="wp-image-31" srcset="https://tedxpollica.org/wp-content/uploads/2024/08/TedxPollica24-6-1024x1024.png 1024w, https://tedxpollica.org/wp-content/uploads/2024/08/TedxPollica24-6-300x300.png 300w, https://tedxpollica.org/wp-content/uploads/2024/08/TedxPollica24-6-150x150.png 150w, https://tedxpollica.org/wp-content/uploads/2024/08/TedxPollica24-6-768x768.png 768w, https://tedxpollica.org/wp-content/uploads/2024/08/TedxPollica24-6.png 1080w" sizes="auto, (max-width: 1024px) 100vw, 1024px" /></figure>



<h1 class="wp-block-heading">Potito Ruggiero</h1>



<h5 class="wp-block-heading">Attivista, studente</h5>



<p>Classe 2007, originario di Stornarella, un paese della provincia di Foggia, ha 16 anni. Coraggio e determinazione gli hanno permesso il 27 Settembre 2019 di scendere in piazza a battersi per la sostenibilità ambientale, da solo, restando per ore seduto sotto la finestra del Sindaco con un cartello in bella mostra che diceva (in inglese): “I keep an eye on you“, (io vi tengo d’occhio). Per questo gli è stato conferito il premio Radice di Puglia, il più importante riconoscimento della Regione Puglia. Da questa esperienza ne è nato un libro con Federico Taddia &#8220;Vi teniamo d&#8217;occhio &#8221; edito da Baldini+Castoldi. Potito, ora, studia a Brindisi e per amore dell&#8217;ambiente continua a formarsi. A giugno ha partecipato a Roma alla formazione con l&#8217;ex vicepresidente degli Stati Uniti Al Gore e nel contempo continua ad incontrare e sensibilizzare tantissimi ragazzi!</p>



<p></p>

<p>Potito Ruggiero Attivista, studente Classe 2007, originario di Stornarella, un paese della provincia di Foggia, ha 16 anni. Coraggio e determinazione gli hanno permesso il 27 Settembre 2019 di scendere in piazza a battersi per la sostenibilità ambientale, da solo, restando per ore seduto sotto la finestra del Sindaco con un cartello in bella mostra [&#8230;]
